 the ten thousands digit of 11084?
1
What is the tens digit of 8261?
6
What is the tens digit of 422?
2
What is the hundreds digit of 36292?
2
What is the hundreds digit of 1069?
0
What is the tens digit of 4724?
2
What is the units digit of 1864?
4
What is the hundreds digit of 169073?
0
What is the thousands digit of 1244?
1
What is the thousands digit of 52524?
2
What is the thousands digit of 16868?
6
What is the tens digit of 536?
3
What is the units digit of 348?
8
What is the hundreds digit of 1475?
4
What is the tens digit of 85682?
8
What is the units digit of 5692?
2
What is the thousands digit of 1950?
1
What is the hundreds digit of 1191?
1
What is the units digit of 911?
1
What is the hundreds digit of 510?
5
What is the tens digit of 422?
2
What is the hundreds digit of 5191?
1
What is the thousands digit of 26920?
6
What is the hundreds digit of 35598?
5
What is the units digit of 330?
0
What is the thousands digit of 7888?
7
What is the units digit of 2497?
7
What is the units digit of 18284?
4
What is the hundreds digit of 344?
3
What is the thousands digit of 1622?
1
What is the thousands digit of 45634?
5
What is the tens digit of 1022?
2
What is the ten thousands digit of 51567?
5
What is the tens digit of 1978?
7
What is the units digit of 2202?
2
What is the thousands digit of 11350?
1
What is the units digit of 102763?
3
What is the hundreds digit of 215?
2
What is the tens digit of 1196?
9
What is the hundred thousands digit of 107142?
1
What is the hundreds digit of 759?
7
What is the thousands digit of 18570?
8
What is the ten thousands digit of 60442?
6
What is the hundreds digit of 17479?
4
What is the hundreds digit of 48129?
1
What is the tens digit of 1143?
4
What is the hundreds digit of 57758?
7
What is the hundreds digit of 892?
8
What is the units digit of 2327?
7
What is the thousands digit of 4943?
4
What is the tens digit of 26567?
6
What is the thousands digit of 20691?
0
What is the tens digit of 11488?
8
What is the hundreds digit of 1328?
3
What is the thousands digit of 1537?
1
What is the units digit of 43978?
8
What is the ten thousands digit of 85291?
8
What is the thousands digit of 1196?
1
What is the units digit of 2126?
6
What is the units digit of 7965?
5
What is the tens digit of 3175?
7
What is the ten thousands digit of 49667?
4
What is the thousands digit of 64254?
4
What is the thousands digit of 1271?
1
What is the thousands digit of 8391?
8
What is the tens digit of 4145?
4
What is the hundreds digit of 4714?
7
What is the tens digit of 20428?
2
What is the units digit of 9457?
7
What is the units digit of 5711?
1
What is the hundreds digit of 40646?
6
What is the hundreds digit of 460?
4
What is the hundreds digit of 622?
6
What is the thousands digit of 104285?
4
What is the units digit of 38045?
5
What is the hundreds digit of 1889?
8
What is the tens digit of 15275?
7
What is the thousands digit of 8317?
8
What is the units digit of 36379?
9
What is the thousands digit of 77577?
7
What is the units digit of 19149?
9
What is the thousands digit of 13141?
3
What is the units digit of 2285?
5
What is the units digit of 1?
1
What is the tens digit of 3068?
6
What is the hundreds digit of 567?
5
What is the units digit of 2432?
2
What is the thousands digit of 7168?
7
What is the units digit of 18208?
8
What is the tens digit of 701?
0
What is the hundreds digit of 66602?
6
What is the thousands digit of 6038?
6
What is the units digit of 44184?
4
What is the units digit of 5401?
1
What is the tens digit of 1508?
0
What is the ten thousands digit of 11058?
1
What is the units digit of 69613?
3
What is the ten thousands digit of 86004?
8
What is the tens digit of 182?
8
What is the tens digit of 5692?
9
What is the tens digit of 193?
9
What is the hundreds digit of 5653?
6
What is the units digit of 135?
5
What is the hundreds digit of 40254?
2
What is the thousands digit of 7068?
7
What is the thousands digit of 1440?
1
What is the thousands digit of 6007?
6
What is the hundreds digit of 8718?
7
What is the units digit of 28406?
6
What is the tens digit of 33992?
9
What is the tens digit of 146290?
9
What is the hundreds digit of 17012?
0
What is the thousands digit of 3873?
3
What is the units digit of 78764?
4
What is the hundreds digit of 455?
4
What is the units digit of 6752?
2
What is the units digit of 91847?
7
What is the tens digit of 3311?
1
What is the tens digit of 26424?
2
What is the hundreds digit of 85270?
2
What is the tens digit of 914?
1
What is the hundreds digit of 690?
6
What is the thousands digit of 4202?
4
What is the tens digit of 27159?
5
What is the ten thousands digit of 125826?
2
What is the tens digit of 530?
3
What is the units digit of 2613?
3
What is the units digit of 31?
1
What is the thousands digit of 58174?
8
What is the thousands digit of 56715?
6
What is the units digit of 862?
2
What is the hundreds digit of 2236?
2
What is the units digit of 189782?
2
What is the units digit of 956?
6
What is the hundreds digit of 37333?
3
What is the units digit of 106776?
6
What is the hundreds digit of 1618?
6
What is the hundreds digit of 206?
2
What is the tens digit of 980?
8
What is the units digit of 704?
4
What is the hundreds digit of 235?
2
What is the thousands digit of 2190?
2
What is the thousands digit of 40066?
0
What is the units digit of 342?
2
What is the thousands digit of 60893?
0
What is the units digit of 45463?
3
What is the thousands digit of 2465?
2
What is the units digit of 6069?
9
What is the tens digit of 43842?
4
What is the thousands digit of 2173?
2
What is the thousands digit of 2060?
2
What is the hundreds digit of 12003?
0
What is the units digit of 1710?
0
What is the units digit of 872?
2
What is the units digit of 21660?
0
What is the thousands digit of 4669?
4
What is the tens digit of 1377?
7
What is the tens digit of 70632?
3
What is the thousands digit of 3877?
3
What is the hundreds digit of 44316?
3
What is the ten thousands digit of 114896?
1
What is the hundreds digit of 432?
4
What is the units digit of 10011?
1
What is the hundreds digit of 1792?
7
What is the thousands digit of 21949?
1
What is the units digit of 75?
5
What is the tens digit of 772?
7
What is the tens digit of 12617?
1
What is the tens digit of 151?
5
What is the units digit of 38550?
0
What is the tens digit of 1910?
1
What is the thousands digit of 1515?
1
What is the thousands digit of 8226?
8
What is the thousands digit of 10119?
0
What is the units digit of 12934?
4
What is the ten thousands digit of 97068?
9
What is the hundreds digit of 3134?
1
What is the units digit of 504?
4
What is the tens digit of 161?
6
What is the units digit of 820?
0
What is the tens digit of 786?
8
What is the thousands digit of 3888?
3
What is the hundreds digit of 923?
9
What is the hundreds digit of 534?
5
What is the hundreds digit of 11329?
3
What is the ten thousands digit of 55018?
5
What is the tens digit of 37822?
2
What is the units digit of 111689?
9
What is the thousands digit of 15430?
5
What is the tens digit of 7629?
2
What is the hundreds digit of 326?
3
What is the units digit of 2835?
5
What is the hundreds digit of 2072?
0
What is the tens digit of 719?
1
What is the units digit of 609?
9
What is the units digit of 2222?
2
What is the thousands digit of 5698?
5
What is the units digit of 1819?
9
What is the tens digit of 6893?
9
What is the ten thousands digit of 11266?
1
What is the tens digit of 127396?
9
What is the tens digit of 17422?
2
What is the thousands digit of 2672?
2
What is the units digit of 34?
4
What is the tens digit of 2246?
4
What is the units digit of 1783?
3
What is the tens digit of 6120?
2
What is the hundreds digit of 4714?
7
What is the ten thousands digit of 79826?
7
What is the thousands digit of 2799?
2
What is the ten thousands digit of 14219?
1
What is the units digit of 1306?
6
What is the tens digit of 6250?
5
What is the ten thousands digit of 68034?
6
What is the tens digit of 74476?
7
What is the thousands digit of 4107?
4
What is the units digit of 6507?
7
What is the units digit of 51174?
4
What is the hundreds digit of 118?
1
What is the units digit of 2366?
6
What is the hundreds digit of 44688?
6
W